est common factor of b and x.
3
Let b be 2016/98 - 3/(-7). Let t = -25 - -39. What is the greatest common divisor of t and b?
7
Suppose 7*c = 5*c + 78. Let w = -29 + c. Calculate the greatest common divisor of 30 and w.
10
Let s = 21 - 19. Suppose -l + 5*l - 24 = -s*m, 5*l = -3*m + 32. Suppose 5*w - 3*w = 5*r - 40, 3*r - 2*w = 24. Calculate the highest common divisor of l and r.
4
Suppose -2*v + 5*p - 39 = 0, -v + 2*p = -6 + 24. Let t(m) = -m**2 - 17*m - 18. Let d be t(v). Calculate the highest common divisor of 28 and d.
14
Suppose -4*h = -7*h + 42. Let c be 2 - (h/(-77) - (-9060)/(-22)). Calculate the highest common factor of c and 46.
46
Suppose -2 = 3*j - 5*j. Let l = 3 - j. Let h = 368 - 354. Calculate the greatest common divisor of h and l.
2
Suppose m = -5*y + 1, -3*m + 9 = 3*y - 6. Suppose -q = q + m. Let l(h) = h**2 + 2*h + 2. Let z be l(q). What is the highest common factor of 1 and z?
1
Let h(k) = -4*k + 29. Let b be h(7). Suppose -b + 11 = j. What is the highest common divisor of 15 and j?
5
Let j = 57 + -27. Let g = -26 + 266. Calculate the highest common divisor of j and g.
30
Let f(m) = 4*m**2 + 10*m + 70. Let s be f(-9). What is the greatest common factor of s and 48?
16
Let j = 57 + -42. Let g(n) = -n + 22. Let r be g(j). What is the highest common divisor of 14 and r?
7
Suppose -3*o + 66 = 2*p + p, -5*o - 4*p + 107 = 0. What is the highest common divisor of o and 171?
19
Let r be (4 + -1)*(-752)/16. Let y = -133 - r. What is the highest common factor of y and 20?
4
Suppose -4*o + y + 10 = 0, -5 = -2*o - 2*y + 5. Suppose 83 - 3 = 2*h + 4*w, 2*w + 136 = o*h. Calculate the highest common factor of h and 110.
22
Let k be 148/8 - (-3)/2. Suppose f - k = 16. What is the highest common factor of f and 180?
36
Let y be (0 - 3)*1614/(-18). Suppose 0*k - k + 157 = 3*x, -2*k - y = -5*x. What is the greatest common factor of 424 and x?
53
Suppose -4 = v, -17*v + 12*v = -3*g + 356. Calculate the highest common factor of 84 and g.
28
Let z = 16 + 53. Let d = 499 + -173. Suppose 42 = 8*u - d. What is the highest common divisor of u and z?
23
Suppose -5*r - 18 - 17 = 0. Let x be (-5)/(2/(2*-1)). Let z = x - r. What is the highest common factor of 108 and z?
12
Let d be 2*(6 + -6 + 15). Calculate the greatest common factor of d and 54.
6
Suppose m - 119 = 5*r, -2*m - 4*r = -3*m + 116. Let w = 42 + -29. What is the greatest common divisor of w and m?
13
Suppose 2*x - 4 = 0, -23*n + 5*x - 1002 = -27*n. What is the greatest common divisor of n and 155?
31
Let h = 1 + -2. Let v be h + 6 - (-10)/(-5). Let f = -1 + 2. Calculate the greatest common divisor of v and f.
1
Let d(p) = -p**3 + 17*p**2 + p - 15. Let s be d(17). Suppose -36 = -s*m + 66. Suppose 6*l - 93 = m. Calculate the highest common factor of l and 36.
12
Let n = 87 - 60. Calculate the greatest common factor of 54 and n.
27
Let u be (2 - 3)/((-1)/33). What is the highest common divisor of u and 44?
11
Suppose -4*r - 4*l + 158 + 18 = 0, 0 = 5*r - 4*l - 238. Suppose 4*v - 26 = -2*g, -2*g = -4*v - 0*v + r. Calculate the greatest common factor of 162 and v.
9
Let j(r) = -253 + 253 + 23*r**2 - 7*r**2. Let o be j(-1). Suppose 4*s - 4*q + q - 96 = 0, -5*q + 96 = 4*s. Calculate the greatest common divisor of o and s.
8
Let z be 11 - (7 + 15/(-3)). Calculate the greatest common factor of 99 and z.
9
Let u be (-737)/(-22) - (-1 - (-6)/4). Let d be 11/(-4)*-1*8. What is the highest common factor of u and d?
11
Let z(n) = 4*n**3 - 65*n**2 + 15*n + 20. Let j be z(16). Suppose -6 = a - 18. What is the highest common factor of a and j?
4
Suppose -15*a + 13*a + 10 = 0. Suppose a*g = -f + 44, -2*f - 2*g = -4*g - 40. What is the highest common factor of f and 32?
8
Suppose 21*y = 1031 + 208. What is the highest common divisor of y and 236?
59
Let k be 1*(81/3 + 3). Suppose -2*v + 5*r + 51 = 0, -38*r + 42*r = -12. What is the highest common divisor of k and v?
6
Suppose -7*p = -17*p + 120. Calculate the greatest common factor of p and 468.
12
Let c be (-30)/(-8) + (-2)/(-8). Suppose c*o = 669 - 9. Let k = -1970 + 1985. What is the greatest common factor of k and o?
15
Suppose 5*b = 7*b - 10. Suppose 0 = -4*d + 13 + 3, d = b*h - 11. Suppose 4*w - 3*g - 128 = 0, h*g = -g + 16. Calculate the highest common factor of 14 and w.
7
Let h be (-24)/60 + 36972/30. Calculate the highest common divisor of h and 77.
77
Let o(t) = 3*t**2 + 32*t + 75. Let v be o(-3). What is the greatest common divisor of v and 25?
1
Let s(z) = z**3 + 6*z**2 - 20*z - 6. Let g be s(-8). Suppose -b = 37 - 50. Calculate the highest common factor of b and g.
13
Let g = -16 - -19. Suppose 7 + 23 = g*p. What is the greatest common divisor of p and 50?
10
Let y = -1709 + 2398. What is the greatest common factor of 106 and y?
53
Let y = 9 + -5. Let c(z) = z**3 - 2*z**2 - 4*z - 4. Let w be c(y). Calculate the greatest common factor of w and 84.
12
Let j = 180 + -290. Let w = j - -265. What is the greatest common factor of 31 and w?
31
Suppose -3*g = 167 + 115. Let t be 0 - g - (-14 - -18). Calculate the greatest common factor of 18 and t.
18
Let p be (-5)/((-15)/18) - 2. Suppose -p*b + 408 = 5*z, 6*b - 330 = -4*z + b. Calculate the greatest common factor of 32 and z.
16
Suppose 16*z = 40*z - 25296. Calculate the greatest common factor of z and 34.
34
Suppose 43 + 65 = 4*g. What is the highest common divisor of g and 9?
9
Suppose -4316 = -4*b + r, 5*b = -39*r + 42*r + 5402. What is the greatest common divisor of b and 98?
98
Let k = -7 - -13. Let d be (-3)/6*(k - 92). What is the greatest common factor of 86 and d?
43
Let y = -1 - -1. Suppose d - 3*i + 4*i - 26 = y, -9 = -3*i. Calculate the greatest common divisor of 253 and d.
23
Let g = 43 + -39. Suppose -2*n = -2*s - 0*s - 2, -g*s = 3*n - 3. Calculate the greatest common divisor of 4 and n.
1
Let x = 462 - 275. Calculate the highest common divisor of 17 and x.
17
Let y = -7 - -5. Let x be ((-1)/y)/(1/(-22)). Let w = 26 + x. What is the highest common divisor of w and 105?
15
Let q = 76 + -23. Let f = -35 + q. Calculate the greatest common factor of f and 6.
6
Let x(d) be the second derivative of -7*d - 1/12*d**4 + d**2 + 8/3*d**3 + 0. Let q be x(8). Calculate the highest common factor of 6 and q.
6
Suppose -2*l = -12 + 16. Let f be l/(-6) + 132/36. What is the greatest common divisor of f and 8?
4
Suppose 3*o = 25 - 10, 3*f - o - 67 = 0. Let u be (36/f)/((-3)/(-4)). What is the greatest common factor of u and 8?
2
Let f(h) = h**2 + h. Let y be f(0). Suppose y*v = 4*v - 40. What is the highest common factor of v and 50?
10
Let l(a) = -a**2 + 8*a + 27. Let o be l(10). Let i be (47*(-4 + 3))/((-1)/o). What is the greatest common factor of i and 47?
47
Suppose 4*n - n + 97 = 4*i, n - 63 = -3*i. Calculate the highest common divisor of 176 and i.
22
Let n(f) = -117*f + 5. Let d be n(-3). Let m be 2/3 + d/6. Suppose 2*s = -2*s - 2*r + 98, -r + 73 = 3*s. Calculate the highest common factor of m and s.
12
Suppose -31*c = -36*c + 230. Calculate the highest common factor of 299 and c.
23
Let c(z) = 8*z**2 + 3*z + 3. Let s be c(3). Suppose 169*d = 171*d - 24. Calculate the greatest common divisor of d and s.
12
Let w(l) = -5*l + 14. Let v be w(-3). Let q = -26 + v. Calculate the greatest common factor of q and 33.
3
Let x = 54 - 30. Let i be (-3 + 0)*6 - 0. Let n = i + 30. Calculate the highest common divisor of n and x.
12
Suppose -5184 - 1342 = -13*t. Calculate the highest common factor of 2 and t.
2
Let z = -37 - -70. Suppose 0*h = -3*h + z. What is the highest common factor of 11 and h?
11
Let h be 6/(0 + -6) - -21. What is the greatest common factor of 45 and h?
5
Suppose 4*m = -3*m + 98. What is the highest common factor of m and 2?
2
Suppose u = -5*q + 50, -27 - 10 = -3*q - 2*u. Let h(x) = x + 18. Let m be h(0). What is the highest common divisor of q and m?
9
Suppose -88 = 5*z + 747. Let x be -2 + 15/7 - z/7. Calculate the highest common divisor of 3 and x.
3
Suppose t - 3*n + 0*n = -1, 0 = -5*t + n + 9. Suppose t*x = -x + 12. Suppose 3*a - a = -4, -g + x*a = -18. What is the highest common divisor of 5 and g?
5
Let o(g) = 3*g**2 + 2 + 0*g - 5*g**2 + 8*g - g**3 + 0*g**2. Let j be o(-3). Let i = j - -28. What is the highest common factor of 105 and i?
15
Suppose 4*h + 4*s - 192 = 0, 2*s + 139